{"id":3076,"date":"2022-08-22T18:09:38","date_gmt":"2022-08-22T21:09:38","guid":{"rendered":"https:\/\/www.contramar.org\/?post_type=product&#038;p=3076"},"modified":"2025-01-22T16:05:04","modified_gmt":"2025-01-22T19:05:04","slug":"criogenia-de-d","status":"publish","type":"product","link":"https:\/\/www.contramar.org\/index.php\/producto\/criogenia-de-d\/","title":{"rendered":"criogenia de D."},"content":{"rendered":"<p>Aprovech\u00e1 la preventa de <strong><em>cr<\/em><em>iogenia de D.<\/em><\/strong>, hasta el 02 de <strong>septiembre<\/strong><strong><em>.\u00a0<\/em><\/strong><\/p>\n<p>ENV\u00cdOS EN CABA: Con cadeter\u00eda.<\/p>\n<p>ENV\u00cdOS FUERA DE CABA: te enviamos el pedido por correo Andreani. \u00a1Consult\u00e1 nuestros <a href=\"https:\/\/www.contramar.org\/index.php\/puntos-de-venta\/\">Puntos de Venta<\/a> en todo el pa\u00eds!<\/p>\n<p>Nos comunicamos a trav\u00e9s de <a href=\"mailto:info@contramar.org\">info@contramar.org<\/a> o por WhatsApp: +54 9 11 64728116. Revis\u00e1 tu spam!<\/p>\n<p>Gracias por apoyar los libros independientes.<\/p>\n","protected":false},"excerpt":{"rendered":"<p><strong><span style=\"color: #993366;\">Leonardo Valente<\/span><\/p>\n<p><\/strong><\/p>\n<p><strong>COLECCI\u00d3N<\/strong>: NARRATIVA ||<strong>\u00a0ISBN<\/strong>: 978-987-47628-6-3 || <strong>P\u00c1GINAS<\/strong>: 146<\/p>\n<hr \/>\n<p>A este libro no le sobra ninguna palabra, a la civilizaci\u00f3n que habitamos y nos habita tal vez le sobren demasiadas.<\/p>\n<p>D. es un hombre, o una mujer, o tal vez sea usted, que se acerca a este libro sin ser demasiado consciente de que puede congelarle. D. es un universo en movimiento, cinco maridos y un catecismo no bastan para frenar el apetito de ser y de experimentarse. La reflexi\u00f3n po\u00e9tica es una construcci\u00f3n literaria, adem\u00e1s de un <em>manifiesto por los placeres perdidos<\/em>.<\/p>\n<p>Leonardo Valente escribe \u2013y qu\u00e9 bien escribe\u2013 desde la observaci\u00f3n de vidas lustradas y minuciosamente talladas, aunque su personaje, D., ejercita la libertad como un mandato y se rebela contra la culpa. El escritor escandalizar\u00e1: la contaminaci\u00f3n inoculada no permite salir del carril. Ni en la vida ni en la literatura.<\/p>\n<p><strong>PILAR DEL R\u00cdO<\/strong><\/p>\n<p>Escritora, traductora y presidenta de la Fundaci\u00f3n Jos\u00e9 Saramago.<\/p>\n<hr \/>\n<p>[Fragmento]<\/p>\n<p><strong>ep\u00edlogo fuera de lugar<\/strong><\/p>\n<p>me encuentro finalmente seca y g\u00e9lida como hoja de \u00e1rbol ca\u00edda en un invierno de nieve, y es seco por la frialdad que vivo en plenitud, en la abundancia de lo que tengo de mejor. soy realmente feliz y plena en los momentos de aridez del alma, en la temporada de deshidrataci\u00f3n de la hipocres\u00eda rom\u00e1ntica; soy tranquilidad y desborde de m\u00ed mismo en los preciosos per\u00edodos de desamor; entonces soy arisca, malicioso y astuta, y veo lo que el idiota nunca vio o fingi\u00f3 no ver.\u00a0es en el desamor que logro convertirme en escritor. ojal\u00e1 que todo amor me vuelva seca. donde quiera que yo est\u00e9.<\/p>\n<p>&nbsp;<\/p>\n<hr \/>\n<p><span style=\"color: #993366;\"><strong>BIO<\/strong><\/span><\/p>\n<p><strong>Leonardo Valente<\/strong> (1974) naci\u00f3 en Niter\u00f3i, R\u00edo de Janeiro, es periodista, doctor en Ciencias Pol\u00edticas y profesor de Relaciones Internacionales en la UFRJ. En 2017, su novela A prociss\u00e3o, original a\u00fan in\u00e9dito, fue una de las ganadores del Premio Jos\u00e9 de Alencar, de la Uni\u00f3n Brasileira de Escritores. Con la editorial Mondrongo, en portugu\u00e9s, ha publicado Apoteose (2018); O beijo da Pombagira (2019), finalista del Premio de Literatura de Rio de Janeiro; Calote (2020); Antifascistas (2020), coorganizado junto a Carol Proner; y criogenia de D. (2021), un suceso literario traducido al espa\u00f1ol para Contramar Editora.<\/p>\n","protected":false},"featured_media":3078,"template":"","meta":{"ocean_post_layout":"","ocean_both_sidebars_style":"","ocean_both_sidebars_content_width":0,"ocean_both_sidebars_sidebars_width":0,"ocean_sidebar":"0","ocean_second_sidebar":"0","ocean_disable_margins":"enable","ocean_add_body_class":"","ocean_shortcode_before_top_bar":"","ocean_shortcode_after_top_bar":"","ocean_shortcode_before_header":"","ocean_shortcode_after_header":"","ocean_has_shortcode":"","ocean_shortcode_after_title":"","ocean_shortcode_before_footer_widgets":"","ocean_shortcode_after_footer_widgets":"","ocean_shortcode_before_footer_bottom":"","ocean_shortcode_after_footer_bottom":"","ocean_display_top_bar":"default","ocean_display_header":"default","ocean_header_style":"","ocean_center_header_left_menu":"0","ocean_custom_header_template":"0","ocean_custom_logo":0,"ocean_custom_retina_logo":0,"ocean_custom_logo_max_width":0,"ocean_custom_logo_tablet_max_width":0,"ocean_custom_logo_mobile_max_width":0,"ocean_custom_logo_max_height":0,"ocean_custom_logo_tablet_max_height":0,"ocean_custom_logo_mobile_max_height":0,"ocean_header_custom_menu":"0","ocean_menu_typo_font_family":"0","ocean_menu_typo_font_subset":"","ocean_menu_typo_font_size":0,"ocean_menu_typo_font_size_tablet":0,"ocean_menu_typo_font_size_mobile":0,"ocean_menu_typo_font_size_unit":"px","ocean_menu_typo_font_weight":"","ocean_menu_typo_font_weight_tablet":"","ocean_menu_typo_font_weight_mobile":"","ocean_menu_typo_transform":"","ocean_menu_typo_transform_tablet":"","ocean_menu_typo_transform_mobile":"","ocean_menu_typo_line_height":0,"ocean_menu_typo_line_height_tablet":0,"ocean_menu_typo_line_height_mobile":0,"ocean_menu_typo_line_height_unit":"","ocean_menu_typo_spacing":0,"ocean_menu_typo_spacing_tablet":0,"ocean_menu_typo_spacing_mobile":0,"ocean_menu_typo_spacing_unit":"","ocean_menu_link_color":"","ocean_menu_link_color_hover":"","ocean_menu_link_color_active":"","ocean_menu_link_background":"","ocean_menu_link_hover_background":"","ocean_menu_link_active_background":"","ocean_menu_social_links_bg":"","ocean_menu_social_hover_links_bg":"","ocean_menu_social_links_color":"","ocean_menu_social_hover_links_color":"","ocean_disable_title":"default","ocean_disable_heading":"default","ocean_post_title":"","ocean_post_subheading":"","ocean_post_title_style":"background-image","ocean_post_title_background_color":"","ocean_post_title_background":3142,"ocean_post_title_bg_image_position":"","ocean_post_title_bg_image_attachment":"","ocean_post_title_bg_image_repeat":"","ocean_post_title_bg_image_size":"","ocean_post_title_height":0,"ocean_post_title_bg_overlay":0.5,"ocean_post_title_bg_overlay_color":"","ocean_disable_breadcrumbs":"default","ocean_breadcrumbs_color":"","ocean_breadcrumbs_separator_color":"","ocean_breadcrumbs_links_color":"","ocean_breadcrumbs_links_hover_color":"","ocean_display_footer_widgets":"default","ocean_display_footer_bottom":"default","ocean_custom_footer_template":"0","_joinchat":[]},"product_brand":[],"product_cat":[109,48],"product_tag":[89,38,90,72,88],"class_list":{"0":"post-3076","1":"product","2":"type-product","3":"status-publish","4":"has-post-thumbnail","6":"product_cat-leonardo-valente","7":"product_cat-narrativa","8":"product_tag-brasil","9":"product_tag-narrativa","10":"product_tag-narrativa-brasilera","11":"product_tag-novela","12":"product_tag-valente","13":"product_shipping_class-coordinar","15":"entry","16":"has-media","18":"first","19":"outofstock","20":"shipping-taxable","21":"purchasable","22":"product-type-simple","23":"col","24":"span_1_of_3","25":"owp-content-center","26":"owp-thumbs-layout-horizontal","27":"owp-btn-normal","28":"owp-tabs-layout-horizontal"},"yoast_head":"<!-- This site is optimized with the Yoast SEO plugin v27.3 - https:\/\/yoast.com\/product\/yoast-seo-wordpress\/ -->\n<title>criogenia de D. | Contramar Editora<\/title>\n<meta name=\"robots\" content=\"index, follow, max-snippet:-1, max-image-preview:large, max-video-preview:-1\" \/>\n<link rel=\"canonical\" href=\"https:\/\/www.contramar.org\/index.php\/producto\/criogenia-de-d\/\" \/>\n<meta property=\"og:locale\" content=\"es_ES\" \/>\n<meta property=\"og:type\" content=\"article\" \/>\n<meta property=\"og:title\" content=\"criogenia de D. | Contramar Editora\" \/>\n<meta property=\"og:description\" content=\"Leonardo Valente   COLECCI\u00d3N: NARRATIVA ||\u00a0ISBN: 978-987-47628-6-3 || P\u00c1GINAS: 146    A este libro no le sobra ninguna palabra, a la civilizaci\u00f3n que habitamos y nos habita tal vez le sobren demasiadas.  D. es un hombre, o una mujer, o tal vez sea usted, que se acerca a este libro sin ser demasiado consciente de que puede congelarle. D. es un universo en movimiento, cinco maridos y un catecismo no bastan para frenar el apetito de ser y de experimentarse. La reflexi\u00f3n po\u00e9tica es una construcci\u00f3n literaria, adem\u00e1s de un manifiesto por los placeres perdidos.  Leonardo Valente escribe \u2013y qu\u00e9 bien escribe\u2013 desde la observaci\u00f3n de vidas lustradas y minuciosamente talladas, aunque su personaje, D., ejercita la libertad como un mandato y se rebela contra la culpa. El escritor escandalizar\u00e1: la contaminaci\u00f3n inoculada no permite salir del carril. Ni en la vida ni en la literatura.  PILAR DEL R\u00cdO  Escritora, traductora y presidenta de la Fundaci\u00f3n Jos\u00e9 Saramago.    [Fragmento]  ep\u00edlogo fuera de lugar  me encuentro finalmente seca y g\u00e9lida como hoja de \u00e1rbol ca\u00edda en un invierno de nieve, y es seco por la frialdad que vivo en plenitud, en la abundancia de lo que tengo de mejor. soy realmente feliz y plena en los momentos de aridez del alma, en la temporada de deshidrataci\u00f3n de la hipocres\u00eda rom\u00e1ntica; soy tranquilidad y desborde de m\u00ed mismo en los preciosos per\u00edodos de desamor; entonces soy arisca, malicioso y astuta, y veo lo que el idiota nunca vio o fingi\u00f3 no ver.\u00a0es en el desamor que logro convertirme en escritor. ojal\u00e1 que todo amor me vuelva seca. donde quiera que yo est\u00e9.  &nbsp;    BIO  Leonardo Valente (1974) naci\u00f3 en Niter\u00f3i, R\u00edo de Janeiro, es periodista, doctor en Ciencias Pol\u00edticas y profesor de Relaciones Internacionales en la UFRJ. En 2017, su novela A prociss\u00e3o, original a\u00fan in\u00e9dito, fue una de las ganadores del Premio Jos\u00e9 de Alencar, de la Uni\u00f3n Brasileira de Escritores. Con la editorial Mondrongo, en portugu\u00e9s, ha publicado Apoteose (2018); O beijo da Pombagira (2019), finalista del Premio de Literatura de Rio de Janeiro; Calote (2020); Antifascistas (2020), coorganizado junto a Carol Proner; y criogenia de D. (2021), un suceso literario traducido al espa\u00f1ol para Contramar Editora.\" \/>\n<meta property=\"og:url\" content=\"https:\/\/www.contramar.org\/index.php\/producto\/criogenia-de-d\/\" \/>\n<meta property=\"og:site_name\" content=\"Contramar Editora\" \/>\n<meta property=\"article:publisher\" content=\"https:\/\/www.facebook.com\/ContramarEditora\" \/>\n<meta property=\"article:modified_time\" content=\"2025-01-22T19:05:04+00:00\" \/>\n<meta property=\"og:image\" content=\"https:\/\/www.contramar.org\/wp-content\/uploads\/2022\/08\/Tapa.jpg\" \/>\n\t<meta property=\"og:image:width\" content=\"485\" \/>\n\t<meta property=\"og:image:height\" content=\"745\" \/>\n\t<meta property=\"og:image:type\" content=\"image\/jpeg\" \/>\n<meta name=\"twitter:card\" content=\"summary_large_image\" \/>\n<meta name=\"twitter:site\" content=\"@ContramarEdito1\" \/>\n<script type=\"application\/ld+json\" class=\"yoast-schema-graph\">{\"@context\":\"https:\\\/\\\/schema.org\",\"@graph\":[{\"@type\":\"WebPage\",\"@id\":\"https:\\\/\\\/www.contramar.org\\\/index.php\\\/producto\\\/criogenia-de-d\\\/\",\"url\":\"https:\\\/\\\/www.contramar.org\\\/index.php\\\/producto\\\/criogenia-de-d\\\/\",\"name\":\"criogenia de D. | Contramar Editora\",\"isPartOf\":{\"@id\":\"https:\\\/\\\/www.contramar.org\\\/#website\"},\"primaryImageOfPage\":{\"@id\":\"https:\\\/\\\/www.contramar.org\\\/index.php\\\/producto\\\/criogenia-de-d\\\/#primaryimage\"},\"image\":{\"@id\":\"https:\\\/\\\/www.contramar.org\\\/index.php\\\/producto\\\/criogenia-de-d\\\/#primaryimage\"},\"thumbnailUrl\":\"https:\\\/\\\/www.contramar.org\\\/wp-content\\\/uploads\\\/2022\\\/08\\\/Tapa.jpg\",\"datePublished\":\"2022-08-22T21:09:38+00:00\",\"dateModified\":\"2025-01-22T19:05:04+00:00\",\"breadcrumb\":{\"@id\":\"https:\\\/\\\/www.contramar.org\\\/index.php\\\/producto\\\/criogenia-de-d\\\/#breadcrumb\"},\"inLanguage\":\"es-AR\",\"potentialAction\":[{\"@type\":\"ReadAction\",\"target\":[\"https:\\\/\\\/www.contramar.org\\\/index.php\\\/producto\\\/criogenia-de-d\\\/\"]}]},{\"@type\":\"ImageObject\",\"inLanguage\":\"es-AR\",\"@id\":\"https:\\\/\\\/www.contramar.org\\\/index.php\\\/producto\\\/criogenia-de-d\\\/#primaryimage\",\"url\":\"https:\\\/\\\/www.contramar.org\\\/wp-content\\\/uploads\\\/2022\\\/08\\\/Tapa.jpg\",\"contentUrl\":\"https:\\\/\\\/www.contramar.org\\\/wp-content\\\/uploads\\\/2022\\\/08\\\/Tapa.jpg\",\"width\":485,\"height\":745},{\"@type\":\"BreadcrumbList\",\"@id\":\"https:\\\/\\\/www.contramar.org\\\/index.php\\\/producto\\\/criogenia-de-d\\\/#breadcrumb\",\"itemListElement\":[{\"@type\":\"ListItem\",\"position\":1,\"name\":\"Inicio\",\"item\":\"https:\\\/\\\/www.contramar.org\\\/\"},{\"@type\":\"ListItem\",\"position\":2,\"name\":\"Libros\",\"item\":\"https:\\\/\\\/www.contramar.org\\\/index.php\\\/comprar-online\\\/\"},{\"@type\":\"ListItem\",\"position\":3,\"name\":\"criogenia de D.\"}]},{\"@type\":\"WebSite\",\"@id\":\"https:\\\/\\\/www.contramar.org\\\/#website\",\"url\":\"https:\\\/\\\/www.contramar.org\\\/\",\"name\":\"Contramar Editora\",\"description\":\"Literatura independiente y federal\",\"publisher\":{\"@id\":\"https:\\\/\\\/www.contramar.org\\\/#organization\"},\"alternateName\":\"Contramar Editora\",\"potentialAction\":[{\"@type\":\"SearchAction\",\"target\":{\"@type\":\"EntryPoint\",\"urlTemplate\":\"https:\\\/\\\/www.contramar.org\\\/?s={search_term_string}\"},\"query-input\":{\"@type\":\"PropertyValueSpecification\",\"valueRequired\":true,\"valueName\":\"search_term_string\"}}],\"inLanguage\":\"es-AR\"},{\"@type\":\"Organization\",\"@id\":\"https:\\\/\\\/www.contramar.org\\\/#organization\",\"name\":\"Contramar Editora\",\"url\":\"https:\\\/\\\/www.contramar.org\\\/\",\"logo\":{\"@type\":\"ImageObject\",\"inLanguage\":\"es-AR\",\"@id\":\"https:\\\/\\\/www.contramar.org\\\/#\\\/schema\\\/logo\\\/image\\\/\",\"url\":\"https:\\\/\\\/www.contramar.org\\\/wp-content\\\/uploads\\\/2022\\\/05\\\/logo-completo-04.png\",\"contentUrl\":\"https:\\\/\\\/www.contramar.org\\\/wp-content\\\/uploads\\\/2022\\\/05\\\/logo-completo-04.png\",\"width\":3451,\"height\":3482,\"caption\":\"Contramar Editora\"},\"image\":{\"@id\":\"https:\\\/\\\/www.contramar.org\\\/#\\\/schema\\\/logo\\\/image\\\/\"},\"sameAs\":[\"https:\\\/\\\/www.facebook.com\\\/ContramarEditora\",\"https:\\\/\\\/x.com\\\/ContramarEdito1\",\"https:\\\/\\\/www.instagram.com\\\/contramar_editora\\\/\",\"https:\\\/\\\/www.youtube.com\\\/@contramareditora8860\"]}]}<\/script>\n<!-- \/ Yoast SEO plugin. -->","yoast_head_json":{"title":"criogenia de D. | Contramar Editora","robots":{"index":"index","follow":"follow","max-snippet":"max-snippet:-1","max-image-preview":"max-image-preview:large","max-video-preview":"max-video-preview:-1"},"canonical":"https:\/\/www.contramar.org\/index.php\/producto\/criogenia-de-d\/","og_locale":"es_ES","og_type":"article","og_title":"criogenia de D. | Contramar Editora","og_description":"Leonardo Valente   COLECCI\u00d3N: NARRATIVA ||\u00a0ISBN: 978-987-47628-6-3 || P\u00c1GINAS: 146    A este libro no le sobra ninguna palabra, a la civilizaci\u00f3n que habitamos y nos habita tal vez le sobren demasiadas.  D. es un hombre, o una mujer, o tal vez sea usted, que se acerca a este libro sin ser demasiado consciente de que puede congelarle. D. es un universo en movimiento, cinco maridos y un catecismo no bastan para frenar el apetito de ser y de experimentarse. La reflexi\u00f3n po\u00e9tica es una construcci\u00f3n literaria, adem\u00e1s de un manifiesto por los placeres perdidos.  Leonardo Valente escribe \u2013y qu\u00e9 bien escribe\u2013 desde la observaci\u00f3n de vidas lustradas y minuciosamente talladas, aunque su personaje, D., ejercita la libertad como un mandato y se rebela contra la culpa. El escritor escandalizar\u00e1: la contaminaci\u00f3n inoculada no permite salir del carril. Ni en la vida ni en la literatura.  PILAR DEL R\u00cdO  Escritora, traductora y presidenta de la Fundaci\u00f3n Jos\u00e9 Saramago.    [Fragmento]  ep\u00edlogo fuera de lugar  me encuentro finalmente seca y g\u00e9lida como hoja de \u00e1rbol ca\u00edda en un invierno de nieve, y es seco por la frialdad que vivo en plenitud, en la abundancia de lo que tengo de mejor. soy realmente feliz y plena en los momentos de aridez del alma, en la temporada de deshidrataci\u00f3n de la hipocres\u00eda rom\u00e1ntica; soy tranquilidad y desborde de m\u00ed mismo en los preciosos per\u00edodos de desamor; entonces soy arisca, malicioso y astuta, y veo lo que el idiota nunca vio o fingi\u00f3 no ver.\u00a0es en el desamor que logro convertirme en escritor. ojal\u00e1 que todo amor me vuelva seca. donde quiera que yo est\u00e9.  &nbsp;    BIO  Leonardo Valente (1974) naci\u00f3 en Niter\u00f3i, R\u00edo de Janeiro, es periodista, doctor en Ciencias Pol\u00edticas y profesor de Relaciones Internacionales en la UFRJ. En 2017, su novela A prociss\u00e3o, original a\u00fan in\u00e9dito, fue una de las ganadores del Premio Jos\u00e9 de Alencar, de la Uni\u00f3n Brasileira de Escritores. Con la editorial Mondrongo, en portugu\u00e9s, ha publicado Apoteose (2018); O beijo da Pombagira (2019), finalista del Premio de Literatura de Rio de Janeiro; Calote (2020); Antifascistas (2020), coorganizado junto a Carol Proner; y criogenia de D. (2021), un suceso literario traducido al espa\u00f1ol para Contramar Editora.","og_url":"https:\/\/www.contramar.org\/index.php\/producto\/criogenia-de-d\/","og_site_name":"Contramar Editora","article_publisher":"https:\/\/www.facebook.com\/ContramarEditora","article_modified_time":"2025-01-22T19:05:04+00:00","og_image":[{"width":485,"height":745,"url":"https:\/\/www.contramar.org\/wp-content\/uploads\/2022\/08\/Tapa.jpg","type":"image\/jpeg"}],"twitter_card":"summary_large_image","twitter_site":"@ContramarEdito1","schema":{"@context":"https:\/\/schema.org","@graph":[{"@type":"WebPage","@id":"https:\/\/www.contramar.org\/index.php\/producto\/criogenia-de-d\/","url":"https:\/\/www.contramar.org\/index.php\/producto\/criogenia-de-d\/","name":"criogenia de D. | Contramar Editora","isPartOf":{"@id":"https:\/\/www.contramar.org\/#website"},"primaryImageOfPage":{"@id":"https:\/\/www.contramar.org\/index.php\/producto\/criogenia-de-d\/#primaryimage"},"image":{"@id":"https:\/\/www.contramar.org\/index.php\/producto\/criogenia-de-d\/#primaryimage"},"thumbnailUrl":"https:\/\/www.contramar.org\/wp-content\/uploads\/2022\/08\/Tapa.jpg","datePublished":"2022-08-22T21:09:38+00:00","dateModified":"2025-01-22T19:05:04+00:00","breadcrumb":{"@id":"https:\/\/www.contramar.org\/index.php\/producto\/criogenia-de-d\/#breadcrumb"},"inLanguage":"es-AR","potentialAction":[{"@type":"ReadAction","target":["https:\/\/www.contramar.org\/index.php\/producto\/criogenia-de-d\/"]}]},{"@type":"ImageObject","inLanguage":"es-AR","@id":"https:\/\/www.contramar.org\/index.php\/producto\/criogenia-de-d\/#primaryimage","url":"https:\/\/www.contramar.org\/wp-content\/uploads\/2022\/08\/Tapa.jpg","contentUrl":"https:\/\/www.contramar.org\/wp-content\/uploads\/2022\/08\/Tapa.jpg","width":485,"height":745},{"@type":"BreadcrumbList","@id":"https:\/\/www.contramar.org\/index.php\/producto\/criogenia-de-d\/#breadcrumb","itemListElement":[{"@type":"ListItem","position":1,"name":"Inicio","item":"https:\/\/www.contramar.org\/"},{"@type":"ListItem","position":2,"name":"Libros","item":"https:\/\/www.contramar.org\/index.php\/comprar-online\/"},{"@type":"ListItem","position":3,"name":"criogenia de D."}]},{"@type":"WebSite","@id":"https:\/\/www.contramar.org\/#website","url":"https:\/\/www.contramar.org\/","name":"Contramar Editora","description":"Literatura independiente y federal","publisher":{"@id":"https:\/\/www.contramar.org\/#organization"},"alternateName":"Contramar Editora","potentialAction":[{"@type":"SearchAction","target":{"@type":"EntryPoint","urlTemplate":"https:\/\/www.contramar.org\/?s={search_term_string}"},"query-input":{"@type":"PropertyValueSpecification","valueRequired":true,"valueName":"search_term_string"}}],"inLanguage":"es-AR"},{"@type":"Organization","@id":"https:\/\/www.contramar.org\/#organization","name":"Contramar Editora","url":"https:\/\/www.contramar.org\/","logo":{"@type":"ImageObject","inLanguage":"es-AR","@id":"https:\/\/www.contramar.org\/#\/schema\/logo\/image\/","url":"https:\/\/www.contramar.org\/wp-content\/uploads\/2022\/05\/logo-completo-04.png","contentUrl":"https:\/\/www.contramar.org\/wp-content\/uploads\/2022\/05\/logo-completo-04.png","width":3451,"height":3482,"caption":"Contramar Editora"},"image":{"@id":"https:\/\/www.contramar.org\/#\/schema\/logo\/image\/"},"sameAs":["https:\/\/www.facebook.com\/ContramarEditora","https:\/\/x.com\/ContramarEdito1","https:\/\/www.instagram.com\/contramar_editora\/","https:\/\/www.youtube.com\/@contramareditora8860"]}]}},"blog_post_layout_featured_media_urls":{"thumbnail":["https:\/\/www.contramar.org\/wp-content\/uploads\/2022\/08\/Tapa-150x150.jpg",150,150,true],"full":["https:\/\/www.contramar.org\/wp-content\/uploads\/2022\/08\/Tapa.jpg",485,745,false]},"categories":null,"categories_names":null,"comments_number":"0","_links":{"self":[{"href":"https:\/\/www.contramar.org\/index.php\/wp-json\/wp\/v2\/product\/3076","targetHints":{"allow":["GET"]}}],"collection":[{"href":"https:\/\/www.contramar.org\/index.php\/wp-json\/wp\/v2\/product"}],"about":[{"href":"https:\/\/www.contramar.org\/index.php\/wp-json\/wp\/v2\/types\/product"}],"wp:featuredmedia":[{"embeddable":true,"href":"https:\/\/www.contramar.org\/index.php\/wp-json\/wp\/v2\/media\/3078"}],"wp:attachment":[{"href":"https:\/\/www.contramar.org\/index.php\/wp-json\/wp\/v2\/media?parent=3076"}],"wp:term":[{"taxonomy":"product_brand","embeddable":true,"href":"https:\/\/www.contramar.org\/index.php\/wp-json\/wp\/v2\/product_brand?post=3076"},{"taxonomy":"product_cat","embeddable":true,"href":"https:\/\/www.contramar.org\/index.php\/wp-json\/wp\/v2\/product_cat?post=3076"},{"taxonomy":"product_tag","embeddable":true,"href":"https:\/\/www.contramar.org\/index.php\/wp-json\/wp\/v2\/product_tag?post=3076"}],"curies":[{"name":"wp","href":"https:\/\/api.w.org\/{rel}","templated":true}]}}