{"id":1930,"date":"2020-09-19T17:04:34","date_gmt":"2020-09-19T20:04:34","guid":{"rendered":"https:\/\/www.contramar.org\/?post_type=product&#038;p=1930"},"modified":"2026-01-26T16:48:44","modified_gmt":"2026-01-26T19:48:44","slug":"las-iteraciones","status":"publish","type":"product","link":"https:\/\/www.contramar.org\/index.php\/producto\/las-iteraciones\/","title":{"rendered":"Las iteraciones"},"content":{"rendered":"","protected":false},"excerpt":{"rendered":"<p><span style=\"color: #993366;\"><strong>Juanjo Conti<\/strong><\/span><\/p>\n<p><strong>COLECCI\u00d3N<\/strong>: NARRATIVA ||<strong>\u00a0ISBN<\/strong>: 978-987-46408-8-8\u00a0 ||\u00a0\u00a0<strong>P\u00c1GINAS<\/strong>: 222<\/p>\n<hr \/>\n<p>En un futuro palpable, la utop\u00eda del viaje al pasado es una posibilidad accesible, pero burocratizada, restringida y con controles estrictos. Se ha denigrado a una experiencia tur\u00edstica.<\/p>\n<p>Un grupo de viejos, hackers rom\u00e1nticos del siglo XX, vende sus habilidades para comprar horas que le permitan volver a resolver asuntos inconclusos. Su programaci\u00f3n se ha vuelto indetectable para los nuevos sistemas digitales y se mueven por las olvidadas catacumbas del c\u00f3digo.<\/p>\n<p>Las aventuras de Stix y sus compa\u00f1eros producen peligrosas iteraciones que pueden modificarlo todo, y a la vez, renuevan la sospecha de que el tiempo es un enorme bucle, de l\u00f3gica inabarcable para la inteligencia humana.<\/p>\n<p>En\u00a0<em>Las iteraciones<\/em>, Juanjo Conti nos lleva a buen ritmo por un futuro que nos sorprende con nuevas melancol\u00edas, historias de amor, odios a\u00f1ejos, secretos latentes y personajes inolvidables que subsistir\u00e1n en el enredo de nuestra memoria.<\/p>\n<p>Mariano Pereyra Esteban<\/p>\n<p>Autor de\u00a0<em>Vayas\u00ed<\/em>\u00a0(Contramar, 2018)<\/p>\n<hr \/>\n<p><img fetchpriority=\"high\" decoding=\"async\" class=\"aligncenter wp-image-1316\" src=\"https:\/\/www.contramar.org\/wp-content\/uploads\/2019\/10\/FB_IMG_15301325735921.jpg\" alt=\"\" width=\"290\" height=\"193\" srcset=\"https:\/\/www.contramar.org\/wp-content\/uploads\/2019\/10\/FB_IMG_15301325735921.jpg 1080w, https:\/\/www.contramar.org\/wp-content\/uploads\/2019\/10\/FB_IMG_15301325735921-300x200.jpg 300w, https:\/\/www.contramar.org\/wp-content\/uploads\/2019\/10\/FB_IMG_15301325735921-600x400.jpg 600w\" sizes=\"(max-width: 290px) 100vw, 290px\" \/><\/p>\n<p><strong>Juanjo Conti<\/strong>\u00a0(1984) naci\u00f3 en Carlos Pellegrini, provincia de Santa Fe. Se gradu\u00f3 de Ingeniero en Sistemas de Informaci\u00f3n en la Universidad Tecnol\u00f3gica Nacional (Facultad Regional Santa Fe) en 2008 y en 2012 obtuvo una maestr\u00eda en la misma especialidad.<\/p>\n<p>En el proceso de desarrollar el software de maquetaci\u00f3n Autom\u00e1gica, public\u00f3 la novela\u00a0<em>Xolopes<\/em>\u00a0(2014) y algunos libros de cuentos.<\/p>\n<p>Actualmente vive en la ciudad de Santa Fe con su esposa y trabaja como programador y consultor. Colabora regularmente con medios digitales e impresos.<\/p>\n<p><em>Las lagunas<\/em>\u00a0(2019) fue finalista del Concurso Regional de Nouvelle EMR 2018.\u00a0<em>Las iteraciones<\/em>\u00a0es su tercera novela publicada.<\/p>\n","protected":false},"featured_media":1268,"template":"","meta":{"ocean_post_layout":"","ocean_both_sidebars_style":"","ocean_both_sidebars_content_width":0,"ocean_both_sidebars_sidebars_width":0,"ocean_sidebar":"","ocean_second_sidebar":"","ocean_disable_margins":"enable","ocean_add_body_class":"","ocean_shortcode_before_top_bar":"","ocean_shortcode_after_top_bar":"","ocean_shortcode_before_header":"","ocean_shortcode_after_header":"","ocean_has_shortcode":"","ocean_shortcode_after_title":"","ocean_shortcode_before_footer_widgets":"","ocean_shortcode_after_footer_widgets":"","ocean_shortcode_before_footer_bottom":"","ocean_shortcode_after_footer_bottom":"","ocean_display_top_bar":"default","ocean_display_header":"default","ocean_header_style":"","ocean_center_header_left_menu":"","ocean_custom_header_template":"","ocean_custom_logo":0,"ocean_custom_retina_logo":0,"ocean_custom_logo_max_width":0,"ocean_custom_logo_tablet_max_width":0,"ocean_custom_logo_mobile_max_width":0,"ocean_custom_logo_max_height":0,"ocean_custom_logo_tablet_max_height":0,"ocean_custom_logo_mobile_max_height":0,"ocean_header_custom_menu":"","ocean_menu_typo_font_family":"","ocean_menu_typo_font_subset":"","ocean_menu_typo_font_size":0,"ocean_menu_typo_font_size_tablet":0,"ocean_menu_typo_font_size_mobile":0,"ocean_menu_typo_font_size_unit":"px","ocean_menu_typo_font_weight":"","ocean_menu_typo_font_weight_tablet":"","ocean_menu_typo_font_weight_mobile":"","ocean_menu_typo_transform":"","ocean_menu_typo_transform_tablet":"","ocean_menu_typo_transform_mobile":"","ocean_menu_typo_line_height":0,"ocean_menu_typo_line_height_tablet":0,"ocean_menu_typo_line_height_mobile":0,"ocean_menu_typo_line_height_unit":"","ocean_menu_typo_spacing":0,"ocean_menu_typo_spacing_tablet":0,"ocean_menu_typo_spacing_mobile":0,"ocean_menu_typo_spacing_unit":"","ocean_menu_link_color":"","ocean_menu_link_color_hover":"","ocean_menu_link_color_active":"","ocean_menu_link_background":"","ocean_menu_link_hover_background":"","ocean_menu_link_active_background":"","ocean_menu_social_links_bg":"","ocean_menu_social_hover_links_bg":"","ocean_menu_social_links_color":"","ocean_menu_social_hover_links_color":"","ocean_disable_title":"default","ocean_disable_heading":"default","ocean_post_title":"","ocean_post_subheading":"","ocean_post_title_style":"","ocean_post_title_background_color":"","ocean_post_title_background":0,"ocean_post_title_bg_image_position":"","ocean_post_title_bg_image_attachment":"","ocean_post_title_bg_image_repeat":"","ocean_post_title_bg_image_size":"","ocean_post_title_height":0,"ocean_post_title_bg_overlay":0.5,"ocean_post_title_bg_overlay_color":"","ocean_disable_breadcrumbs":"default","ocean_breadcrumbs_color":"","ocean_breadcrumbs_separator_color":"","ocean_breadcrumbs_links_color":"","ocean_breadcrumbs_links_hover_color":"","ocean_display_footer_widgets":"default","ocean_display_footer_bottom":"default","ocean_custom_footer_template":"","_joinchat":[]},"product_brand":[],"product_cat":[111,48],"product_tag":[],"class_list":{"0":"post-1930","1":"product","2":"type-product","3":"status-publish","4":"has-post-thumbnail","6":"product_cat-juanjo-conti","7":"product_cat-narrativa","9":"entry","10":"has-media","12":"first","13":"instock","14":"shipping-taxable","15":"purchasable","16":"product-type-simple","17":"col","18":"span_1_of_3","19":"owp-content-center","20":"owp-thumbs-layout-horizontal","21":"owp-btn-normal","22":"owp-tabs-layout-horizontal","23":"has-no-thumbnails"},"yoast_head":"<!-- This site is optimized with the Yoast SEO plugin v27.3 - https:\/\/yoast.com\/product\/yoast-seo-wordpress\/ -->\n<title>Las iteraciones | Contramar Editora<\/title>\n<meta name=\"robots\" content=\"index, follow, max-snippet:-1, max-image-preview:large, max-video-preview:-1\" \/>\n<link rel=\"canonical\" href=\"https:\/\/www.contramar.org\/index.php\/producto\/las-iteraciones\/\" \/>\n<meta property=\"og:locale\" content=\"es_ES\" \/>\n<meta property=\"og:type\" content=\"article\" \/>\n<meta property=\"og:title\" content=\"Las iteraciones | Contramar Editora\" \/>\n<meta property=\"og:description\" content=\"Juanjo Conti  COLECCI\u00d3N: NARRATIVA ||\u00a0ISBN: 978-987-46408-8-8\u00a0 ||\u00a0\u00a0P\u00c1GINAS: 222    En un futuro palpable, la utop\u00eda del viaje al pasado es una posibilidad accesible, pero burocratizada, restringida y con controles estrictos. Se ha denigrado a una experiencia tur\u00edstica.  Un grupo de viejos, hackers rom\u00e1nticos del siglo XX, vende sus habilidades para comprar horas que le permitan volver a resolver asuntos inconclusos. Su programaci\u00f3n se ha vuelto indetectable para los nuevos sistemas digitales y se mueven por las olvidadas catacumbas del c\u00f3digo.  Las aventuras de Stix y sus compa\u00f1eros producen peligrosas iteraciones que pueden modificarlo todo, y a la vez, renuevan la sospecha de que el tiempo es un enorme bucle, de l\u00f3gica inabarcable para la inteligencia humana.  En\u00a0Las iteraciones, Juanjo Conti nos lleva a buen ritmo por un futuro que nos sorprende con nuevas melancol\u00edas, historias de amor, odios a\u00f1ejos, secretos latentes y personajes inolvidables que subsistir\u00e1n en el enredo de nuestra memoria.  Mariano Pereyra Esteban  Autor de\u00a0Vayas\u00ed\u00a0(Contramar, 2018)      Juanjo Conti\u00a0(1984) naci\u00f3 en Carlos Pellegrini, provincia de Santa Fe. Se gradu\u00f3 de Ingeniero en Sistemas de Informaci\u00f3n en la Universidad Tecnol\u00f3gica Nacional (Facultad Regional Santa Fe) en 2008 y en 2012 obtuvo una maestr\u00eda en la misma especialidad. En el proceso de desarrollar el software de maquetaci\u00f3n Autom\u00e1gica, public\u00f3 la novela\u00a0Xolopes\u00a0(2014) y algunos libros de cuentos. Actualmente vive en la ciudad de Santa Fe con su esposa y trabaja como programador y consultor. Colabora regularmente con medios digitales e impresos. Las lagunas\u00a0(2019) fue finalista del Concurso Regional de Nouvelle EMR 2018.\u00a0Las iteraciones\u00a0es su tercera novela publicada.\" \/>\n<meta property=\"og:url\" content=\"https:\/\/www.contramar.org\/index.php\/producto\/las-iteraciones\/\" \/>\n<meta property=\"og:site_name\" content=\"Contramar Editora\" \/>\n<meta property=\"article:publisher\" content=\"https:\/\/www.facebook.com\/ContramarEditora\" \/>\n<meta property=\"article:modified_time\" content=\"2026-01-26T19:48:44+00:00\" \/>\n<meta property=\"og:image\" content=\"https:\/\/www.contramar.org\/wp-content\/uploads\/2019\/08\/las-iteraciones.jpg\" \/>\n\t<meta property=\"og:image:width\" content=\"544\" \/>\n\t<meta property=\"og:image:height\" content=\"771\" \/>\n\t<meta property=\"og:image:type\" content=\"image\/jpeg\" \/>\n<meta name=\"twitter:card\" content=\"summary_large_image\" \/>\n<meta name=\"twitter:site\" content=\"@ContramarEdito1\" \/>\n<script type=\"application\/ld+json\" class=\"yoast-schema-graph\">{\"@context\":\"https:\\\/\\\/schema.org\",\"@graph\":[{\"@type\":\"WebPage\",\"@id\":\"https:\\\/\\\/www.contramar.org\\\/index.php\\\/producto\\\/las-iteraciones\\\/\",\"url\":\"https:\\\/\\\/www.contramar.org\\\/index.php\\\/producto\\\/las-iteraciones\\\/\",\"name\":\"Las iteraciones | Contramar Editora\",\"isPartOf\":{\"@id\":\"https:\\\/\\\/www.contramar.org\\\/#website\"},\"primaryImageOfPage\":{\"@id\":\"https:\\\/\\\/www.contramar.org\\\/index.php\\\/producto\\\/las-iteraciones\\\/#primaryimage\"},\"image\":{\"@id\":\"https:\\\/\\\/www.contramar.org\\\/index.php\\\/producto\\\/las-iteraciones\\\/#primaryimage\"},\"thumbnailUrl\":\"https:\\\/\\\/www.contramar.org\\\/wp-content\\\/uploads\\\/2019\\\/08\\\/las-iteraciones.jpg\",\"datePublished\":\"2020-09-19T20:04:34+00:00\",\"dateModified\":\"2026-01-26T19:48:44+00:00\",\"breadcrumb\":{\"@id\":\"https:\\\/\\\/www.contramar.org\\\/index.php\\\/producto\\\/las-iteraciones\\\/#breadcrumb\"},\"inLanguage\":\"es-AR\",\"potentialAction\":[{\"@type\":\"ReadAction\",\"target\":[\"https:\\\/\\\/www.contramar.org\\\/index.php\\\/producto\\\/las-iteraciones\\\/\"]}]},{\"@type\":\"ImageObject\",\"inLanguage\":\"es-AR\",\"@id\":\"https:\\\/\\\/www.contramar.org\\\/index.php\\\/producto\\\/las-iteraciones\\\/#primaryimage\",\"url\":\"https:\\\/\\\/www.contramar.org\\\/wp-content\\\/uploads\\\/2019\\\/08\\\/las-iteraciones.jpg\",\"contentUrl\":\"https:\\\/\\\/www.contramar.org\\\/wp-content\\\/uploads\\\/2019\\\/08\\\/las-iteraciones.jpg\",\"width\":544,\"height\":771},{\"@type\":\"BreadcrumbList\",\"@id\":\"https:\\\/\\\/www.contramar.org\\\/index.php\\\/producto\\\/las-iteraciones\\\/#breadcrumb\",\"itemListElement\":[{\"@type\":\"ListItem\",\"position\":1,\"name\":\"Inicio\",\"item\":\"https:\\\/\\\/www.contramar.org\\\/\"},{\"@type\":\"ListItem\",\"position\":2,\"name\":\"Libros\",\"item\":\"https:\\\/\\\/www.contramar.org\\\/index.php\\\/comprar-online\\\/\"},{\"@type\":\"ListItem\",\"position\":3,\"name\":\"Las iteraciones\"}]},{\"@type\":\"WebSite\",\"@id\":\"https:\\\/\\\/www.contramar.org\\\/#website\",\"url\":\"https:\\\/\\\/www.contramar.org\\\/\",\"name\":\"Contramar Editora\",\"description\":\"Literatura independiente y federal\",\"publisher\":{\"@id\":\"https:\\\/\\\/www.contramar.org\\\/#organization\"},\"alternateName\":\"Contramar Editora\",\"potentialAction\":[{\"@type\":\"SearchAction\",\"target\":{\"@type\":\"EntryPoint\",\"urlTemplate\":\"https:\\\/\\\/www.contramar.org\\\/?s={search_term_string}\"},\"query-input\":{\"@type\":\"PropertyValueSpecification\",\"valueRequired\":true,\"valueName\":\"search_term_string\"}}],\"inLanguage\":\"es-AR\"},{\"@type\":\"Organization\",\"@id\":\"https:\\\/\\\/www.contramar.org\\\/#organization\",\"name\":\"Contramar Editora\",\"url\":\"https:\\\/\\\/www.contramar.org\\\/\",\"logo\":{\"@type\":\"ImageObject\",\"inLanguage\":\"es-AR\",\"@id\":\"https:\\\/\\\/www.contramar.org\\\/#\\\/schema\\\/logo\\\/image\\\/\",\"url\":\"https:\\\/\\\/www.contramar.org\\\/wp-content\\\/uploads\\\/2022\\\/05\\\/logo-completo-04.png\",\"contentUrl\":\"https:\\\/\\\/www.contramar.org\\\/wp-content\\\/uploads\\\/2022\\\/05\\\/logo-completo-04.png\",\"width\":3451,\"height\":3482,\"caption\":\"Contramar Editora\"},\"image\":{\"@id\":\"https:\\\/\\\/www.contramar.org\\\/#\\\/schema\\\/logo\\\/image\\\/\"},\"sameAs\":[\"https:\\\/\\\/www.facebook.com\\\/ContramarEditora\",\"https:\\\/\\\/x.com\\\/ContramarEdito1\",\"https:\\\/\\\/www.instagram.com\\\/contramar_editora\\\/\",\"https:\\\/\\\/www.youtube.com\\\/@contramareditora8860\"]}]}<\/script>\n<!-- \/ Yoast SEO plugin. -->","yoast_head_json":{"title":"Las iteraciones | Contramar Editora","robots":{"index":"index","follow":"follow","max-snippet":"max-snippet:-1","max-image-preview":"max-image-preview:large","max-video-preview":"max-video-preview:-1"},"canonical":"https:\/\/www.contramar.org\/index.php\/producto\/las-iteraciones\/","og_locale":"es_ES","og_type":"article","og_title":"Las iteraciones | Contramar Editora","og_description":"Juanjo Conti  COLECCI\u00d3N: NARRATIVA ||\u00a0ISBN: 978-987-46408-8-8\u00a0 ||\u00a0\u00a0P\u00c1GINAS: 222    En un futuro palpable, la utop\u00eda del viaje al pasado es una posibilidad accesible, pero burocratizada, restringida y con controles estrictos. Se ha denigrado a una experiencia tur\u00edstica.  Un grupo de viejos, hackers rom\u00e1nticos del siglo XX, vende sus habilidades para comprar horas que le permitan volver a resolver asuntos inconclusos. Su programaci\u00f3n se ha vuelto indetectable para los nuevos sistemas digitales y se mueven por las olvidadas catacumbas del c\u00f3digo.  Las aventuras de Stix y sus compa\u00f1eros producen peligrosas iteraciones que pueden modificarlo todo, y a la vez, renuevan la sospecha de que el tiempo es un enorme bucle, de l\u00f3gica inabarcable para la inteligencia humana.  En\u00a0Las iteraciones, Juanjo Conti nos lleva a buen ritmo por un futuro que nos sorprende con nuevas melancol\u00edas, historias de amor, odios a\u00f1ejos, secretos latentes y personajes inolvidables que subsistir\u00e1n en el enredo de nuestra memoria.  Mariano Pereyra Esteban  Autor de\u00a0Vayas\u00ed\u00a0(Contramar, 2018)      Juanjo Conti\u00a0(1984) naci\u00f3 en Carlos Pellegrini, provincia de Santa Fe. Se gradu\u00f3 de Ingeniero en Sistemas de Informaci\u00f3n en la Universidad Tecnol\u00f3gica Nacional (Facultad Regional Santa Fe) en 2008 y en 2012 obtuvo una maestr\u00eda en la misma especialidad. En el proceso de desarrollar el software de maquetaci\u00f3n Autom\u00e1gica, public\u00f3 la novela\u00a0Xolopes\u00a0(2014) y algunos libros de cuentos. Actualmente vive en la ciudad de Santa Fe con su esposa y trabaja como programador y consultor. Colabora regularmente con medios digitales e impresos. Las lagunas\u00a0(2019) fue finalista del Concurso Regional de Nouvelle EMR 2018.\u00a0Las iteraciones\u00a0es su tercera novela publicada.","og_url":"https:\/\/www.contramar.org\/index.php\/producto\/las-iteraciones\/","og_site_name":"Contramar Editora","article_publisher":"https:\/\/www.facebook.com\/ContramarEditora","article_modified_time":"2026-01-26T19:48:44+00:00","og_image":[{"width":544,"height":771,"url":"https:\/\/www.contramar.org\/wp-content\/uploads\/2019\/08\/las-iteraciones.jpg","type":"image\/jpeg"}],"twitter_card":"summary_large_image","twitter_site":"@ContramarEdito1","schema":{"@context":"https:\/\/schema.org","@graph":[{"@type":"WebPage","@id":"https:\/\/www.contramar.org\/index.php\/producto\/las-iteraciones\/","url":"https:\/\/www.contramar.org\/index.php\/producto\/las-iteraciones\/","name":"Las iteraciones | Contramar Editora","isPartOf":{"@id":"https:\/\/www.contramar.org\/#website"},"primaryImageOfPage":{"@id":"https:\/\/www.contramar.org\/index.php\/producto\/las-iteraciones\/#primaryimage"},"image":{"@id":"https:\/\/www.contramar.org\/index.php\/producto\/las-iteraciones\/#primaryimage"},"thumbnailUrl":"https:\/\/www.contramar.org\/wp-content\/uploads\/2019\/08\/las-iteraciones.jpg","datePublished":"2020-09-19T20:04:34+00:00","dateModified":"2026-01-26T19:48:44+00:00","breadcrumb":{"@id":"https:\/\/www.contramar.org\/index.php\/producto\/las-iteraciones\/#breadcrumb"},"inLanguage":"es-AR","potentialAction":[{"@type":"ReadAction","target":["https:\/\/www.contramar.org\/index.php\/producto\/las-iteraciones\/"]}]},{"@type":"ImageObject","inLanguage":"es-AR","@id":"https:\/\/www.contramar.org\/index.php\/producto\/las-iteraciones\/#primaryimage","url":"https:\/\/www.contramar.org\/wp-content\/uploads\/2019\/08\/las-iteraciones.jpg","contentUrl":"https:\/\/www.contramar.org\/wp-content\/uploads\/2019\/08\/las-iteraciones.jpg","width":544,"height":771},{"@type":"BreadcrumbList","@id":"https:\/\/www.contramar.org\/index.php\/producto\/las-iteraciones\/#breadcrumb","itemListElement":[{"@type":"ListItem","position":1,"name":"Inicio","item":"https:\/\/www.contramar.org\/"},{"@type":"ListItem","position":2,"name":"Libros","item":"https:\/\/www.contramar.org\/index.php\/comprar-online\/"},{"@type":"ListItem","position":3,"name":"Las iteraciones"}]},{"@type":"WebSite","@id":"https:\/\/www.contramar.org\/#website","url":"https:\/\/www.contramar.org\/","name":"Contramar Editora","description":"Literatura independiente y federal","publisher":{"@id":"https:\/\/www.contramar.org\/#organization"},"alternateName":"Contramar Editora","potentialAction":[{"@type":"SearchAction","target":{"@type":"EntryPoint","urlTemplate":"https:\/\/www.contramar.org\/?s={search_term_string}"},"query-input":{"@type":"PropertyValueSpecification","valueRequired":true,"valueName":"search_term_string"}}],"inLanguage":"es-AR"},{"@type":"Organization","@id":"https:\/\/www.contramar.org\/#organization","name":"Contramar Editora","url":"https:\/\/www.contramar.org\/","logo":{"@type":"ImageObject","inLanguage":"es-AR","@id":"https:\/\/www.contramar.org\/#\/schema\/logo\/image\/","url":"https:\/\/www.contramar.org\/wp-content\/uploads\/2022\/05\/logo-completo-04.png","contentUrl":"https:\/\/www.contramar.org\/wp-content\/uploads\/2022\/05\/logo-completo-04.png","width":3451,"height":3482,"caption":"Contramar Editora"},"image":{"@id":"https:\/\/www.contramar.org\/#\/schema\/logo\/image\/"},"sameAs":["https:\/\/www.facebook.com\/ContramarEditora","https:\/\/x.com\/ContramarEdito1","https:\/\/www.instagram.com\/contramar_editora\/","https:\/\/www.youtube.com\/@contramareditora8860"]}]}},"blog_post_layout_featured_media_urls":{"thumbnail":["https:\/\/www.contramar.org\/wp-content\/uploads\/2019\/08\/las-iteraciones.jpg",106,150,false],"full":["https:\/\/www.contramar.org\/wp-content\/uploads\/2019\/08\/las-iteraciones.jpg",544,771,false]},"categories":null,"categories_names":null,"comments_number":"0","_links":{"self":[{"href":"https:\/\/www.contramar.org\/index.php\/wp-json\/wp\/v2\/product\/1930","targetHints":{"allow":["GET"]}}],"collection":[{"href":"https:\/\/www.contramar.org\/index.php\/wp-json\/wp\/v2\/product"}],"about":[{"href":"https:\/\/www.contramar.org\/index.php\/wp-json\/wp\/v2\/types\/product"}],"wp:featuredmedia":[{"embeddable":true,"href":"https:\/\/www.contramar.org\/index.php\/wp-json\/wp\/v2\/media\/1268"}],"wp:attachment":[{"href":"https:\/\/www.contramar.org\/index.php\/wp-json\/wp\/v2\/media?parent=1930"}],"wp:term":[{"taxonomy":"product_brand","embeddable":true,"href":"https:\/\/www.contramar.org\/index.php\/wp-json\/wp\/v2\/product_brand?post=1930"},{"taxonomy":"product_cat","embeddable":true,"href":"https:\/\/www.contramar.org\/index.php\/wp-json\/wp\/v2\/product_cat?post=1930"},{"taxonomy":"product_tag","embeddable":true,"href":"https:\/\/www.contramar.org\/index.php\/wp-json\/wp\/v2\/product_tag?post=1930"}],"curies":[{"name":"wp","href":"https:\/\/api.w.org\/{rel}","templated":true}]}}